{"id":261,"date":"2023-10-29T20:32:42","date_gmt":"2023-10-29T19:32:42","guid":{"rendered":"https:\/\/javierdelia.com\/?page_id=261"},"modified":"2024-03-31T00:08:36","modified_gmt":"2024-03-30T23:08:36","slug":"abuelos","status":"publish","type":"page","link":"https:\/\/javierdelia.com\/index.php\/abuelos\/","title":{"rendered":"Abuelos"},"content":{"rendered":"\t\t<div data-elementor-type=\"wp-page\" data-elementor-id=\"261\" class=\"elementor elementor-261\">\n\t\t\t\t\t\t<section class=\"elementor-section elementor-top-section elementor-element elementor-element-de61d66 elementor-section-boxed elementor-section-height-default elementor-section-height-default\" data-id=\"de61d66\" data-element_type=\"section\" data-e-type=\"section\">\n\t\t\t\t\t\t<div class=\"elementor-container elementor-column-gap-default\">\n\t\t\t\t\t<div class=\"elementor-column elementor-col-50 elementor-top-column elementor-element elementor-element-71ee057\" data-id=\"71ee057\" data-element_type=\"column\" data-e-type=\"column\">\n\t\t\t<div class=\"elementor-widget-wrap elementor-element-populated\">\n\t\t\t\t\t\t<div class=\"elementor-element elementor-element-ce48a71 elementor-widget elementor-widget-image\" data-id=\"ce48a71\" data-element_type=\"widget\" data-e-type=\"widget\" data-widget_type=\"image.default\">\n\t\t\t\t<div class=\"elementor-widget-container\">\n\t\t\t\t\t\t\t\t\t\t\t\t\t\t\t<img fetchpriority=\"high\" decoding=\"async\" width=\"960\" height=\"231\" src=\"https:\/\/javierdelia.com\/wp-content\/uploads\/2023\/07\/cropped-cropped-logo-prueba-1024x246.png\" class=\"attachment-large size-large wp-image-305\" alt=\"\" srcset=\"https:\/\/javierdelia.com\/wp-content\/uploads\/2023\/07\/cropped-cropped-logo-prueba-1024x246.png 1024w, https:\/\/javierdelia.com\/wp-content\/uploads\/2023\/07\/cropped-cropped-logo-prueba-300x72.png 300w, https:\/\/javierdelia.com\/wp-content\/uploads\/2023\/07\/cropped-cropped-logo-prueba-768x185.png 768w, https:\/\/javierdelia.com\/wp-content\/uploads\/2023\/07\/cropped-cropped-logo-prueba.png 1365w\" sizes=\"(max-width: 960px) 100vw, 960px\" \/>\t\t\t\t\t\t\t\t\t\t\t\t\t\t\t<\/div>\n\t\t\t\t<\/div>\n\t\t\t\t\t<\/div>\n\t\t<\/div>\n\t\t\t\t<div class=\"elementor-column elementor-col-50 elementor-top-column elementor-element elementor-element-6b175ef\" data-id=\"6b175ef\" data-element_type=\"column\" data-e-type=\"column\">\n\t\t\t<div class=\"elementor-widget-wrap\">\n\t\t\t\t\t\t\t<\/div>\n\t\t<\/div>\n\t\t\t\t\t<\/div>\n\t\t<\/section>\n\t\t\t\t<section class=\"elementor-section elementor-top-section elementor-element elementor-element-2db2a3b elementor-section-boxed elementor-section-height-default elementor-section-height-default\" data-id=\"2db2a3b\" data-element_type=\"section\" data-e-type=\"section\">\n\t\t\t\t\t\t<div class=\"elementor-container elementor-column-gap-default\">\n\t\t\t\t\t<div class=\"elementor-column elementor-col-100 elementor-top-column elementor-element elementor-element-12a8595\" data-id=\"12a8595\" data-element_type=\"column\" data-e-type=\"column\">\n\t\t\t<div class=\"elementor-widget-wrap elementor-element-populated\">\n\t\t\t\t\t\t<div class=\"elementor-element elementor-element-63716ef elementor-widget-divider--view-line elementor-widget elementor-widget-divider\" data-id=\"63716ef\" data-element_type=\"widget\" data-e-type=\"widget\" data-widget_type=\"divider.default\">\n\t\t\t\t<div class=\"elementor-widget-container\">\n\t\t\t\t\t\t\t<div class=\"elementor-divider\">\n\t\t\t<span class=\"elementor-divider-separator\">\n\t\t\t\t\t\t<\/span>\n\t\t<\/div>\n\t\t\t\t\t\t<\/div>\n\t\t\t\t<\/div>\n\t\t\t\t<div class=\"elementor-element elementor-element-8f6a640 elementor-widget-divider--view-line elementor-widget elementor-widget-divider\" data-id=\"8f6a640\" data-element_type=\"widget\" data-e-type=\"widget\" data-widget_type=\"divider.default\">\n\t\t\t\t<div class=\"elementor-widget-container\">\n\t\t\t\t\t\t\t<div class=\"elementor-divider\">\n\t\t\t<span class=\"elementor-divider-separator\">\n\t\t\t\t\t\t<\/span>\n\t\t<\/div>\n\t\t\t\t\t\t<\/div>\n\t\t\t\t<\/div>\n\t\t\t\t\t<\/div>\n\t\t<\/div>\n\t\t\t\t\t<\/div>\n\t\t<\/section>\n\t\t\t\t<section class=\"elementor-section elementor-top-section elementor-element elementor-element-ca468bf elementor-section-boxed elementor-section-height-default elementor-section-height-default\" data-id=\"ca468bf\" data-element_type=\"section\" data-e-type=\"section\">\n\t\t\t\t\t\t<div class=\"elementor-container elementor-column-gap-default\">\n\t\t\t\t\t<div class=\"elementor-column elementor-col-100 elementor-top-column elementor-element elementor-element-a3270d8\" data-id=\"a3270d8\" data-element_type=\"column\" data-e-type=\"column\">\n\t\t\t<div class=\"elementor-widget-wrap elementor-element-populated\">\n\t\t\t\t\t\t<div class=\"elementor-element elementor-element-b99bacc elementor-widget elementor-widget-text-editor\" data-id=\"b99bacc\" data-element_type=\"widget\" data-e-type=\"widget\" data-widget_type=\"text-editor.default\">\n\t\t\t\t<div class=\"elementor-widget-container\">\n\t\t\t\t\t\t\t\t\t<p>Hacer fotos con Javier D&#8217;Elia y su equipo es una inversi\u00f3n en la preservaci\u00f3n de recuerdos y en la celebraci\u00f3n de la vida de tus seres queridos. No pierdas la oportunidad de crear hermosos recuerdos que te acompa\u00f1ar\u00e1n a lo largo de la vida y se convertir\u00e1n en tesoros invaluables.<\/p>\t\t\t\t\t\t\t\t<\/div>\n\t\t\t\t<\/div>\n\t\t\t\t\t<\/div>\n\t\t<\/div>\n\t\t\t\t\t<\/div>\n\t\t<\/section>\n\t\t\t\t<section class=\"elementor-section elementor-top-section elementor-element elementor-element-84082fd elementor-section-boxed elementor-section-height-default elementor-section-height-default\" data-id=\"84082fd\" data-element_type=\"section\" data-e-type=\"section\">\n\t\t\t\t\t\t<div class=\"elementor-container elementor-column-gap-default\">\n\t\t\t\t\t<div class=\"elementor-column elementor-col-50 elementor-top-column elementor-element elementor-element-f60b727\" data-id=\"f60b727\" data-element_type=\"column\" data-e-type=\"column\">\n\t\t\t<div class=\"elementor-widget-wrap elementor-element-populated\">\n\t\t\t\t\t\t<div class=\"elementor-element elementor-element-88fdf2a elementor-invisible elementor-widget elementor-widget-image\" data-id=\"88fdf2a\" data-element_type=\"widget\" data-e-type=\"widget\" data-settings=\"{&quot;_animation&quot;:&quot;fadeIn&quot;,&quot;_animation_delay&quot;:30}\" data-widget_type=\"image.default\">\n\t\t\t\t<div class=\"elementor-widget-container\">\n\t\t\t\t\t\t\t\t\t\t\t\t\t\t\t<img decoding=\"async\" width=\"683\" height=\"1024\" src=\"https:\/\/javierdelia.com\/wp-content\/uploads\/2023\/10\/Tia-Pura-2-683x1024.jpg\" class=\"attachment-large size-large wp-image-264\" alt=\"\" srcset=\"https:\/\/javierdelia.com\/wp-content\/uploads\/2023\/10\/Tia-Pura-2-683x1024.jpg 683w, https:\/\/javierdelia.com\/wp-content\/uploads\/2023\/10\/Tia-Pura-2-200x300.jpg 200w, https:\/\/javierdelia.com\/wp-content\/uploads\/2023\/10\/Tia-Pura-2-768x1152.jpg 768w, https:\/\/javierdelia.com\/wp-content\/uploads\/2023\/10\/Tia-Pura-2.jpg 1000w\" sizes=\"(max-width: 683px) 100vw, 683px\" \/>\t\t\t\t\t\t\t\t\t\t\t\t\t\t\t<\/div>\n\t\t\t\t<\/div>\n\t\t\t\t\t<\/div>\n\t\t<\/div>\n\t\t\t\t<div class=\"elementor-column elementor-col-50 elementor-top-column elementor-element elementor-element-74a7244\" data-id=\"74a7244\" data-element_type=\"column\" data-e-type=\"column\">\n\t\t\t<div class=\"elementor-widget-wrap elementor-element-populated\">\n\t\t\t\t\t\t<div class=\"elementor-element elementor-element-e03f6ee animated-slow elementor-invisible elementor-widget elementor-widget-image\" data-id=\"e03f6ee\" data-element_type=\"widget\" data-e-type=\"widget\" data-settings=\"{&quot;_animation&quot;:&quot;fadeIn&quot;,&quot;_animation_delay&quot;:20}\" data-widget_type=\"image.default\">\n\t\t\t\t<div class=\"elementor-widget-container\">\n\t\t\t\t\t\t\t\t\t\t\t\t\t\t\t<img decoding=\"async\" width=\"683\" height=\"1024\" src=\"https:\/\/javierdelia.com\/wp-content\/uploads\/2023\/10\/Tia-Pura-7-683x1024.jpg\" class=\"attachment-large size-large wp-image-263\" alt=\"\" srcset=\"https:\/\/javierdelia.com\/wp-content\/uploads\/2023\/10\/Tia-Pura-7-683x1024.jpg 683w, https:\/\/javierdelia.com\/wp-content\/uploads\/2023\/10\/Tia-Pura-7-200x300.jpg 200w, https:\/\/javierdelia.com\/wp-content\/uploads\/2023\/10\/Tia-Pura-7-768x1152.jpg 768w, https:\/\/javierdelia.com\/wp-content\/uploads\/2023\/10\/Tia-Pura-7.jpg 1000w\" sizes=\"(max-width: 683px) 100vw, 683px\" \/>\t\t\t\t\t\t\t\t\t\t\t\t\t\t\t<\/div>\n\t\t\t\t<\/div>\n\t\t\t\t\t<\/div>\n\t\t<\/div>\n\t\t\t\t\t<\/div>\n\t\t<\/section>\n\t\t\t\t<section class=\"elementor-section elementor-top-section elementor-element elementor-element-db355aa elementor-section-boxed elementor-section-height-default elementor-section-height-default\" data-id=\"db355aa\" data-element_type=\"section\" data-e-type=\"section\">\n\t\t\t\t\t\t<div class=\"elementor-container elementor-column-gap-default\">\n\t\t\t\t\t<div class=\"elementor-column elementor-col-100 elementor-top-column elementor-element elementor-element-63f7806\" data-id=\"63f7806\" data-element_type=\"column\" data-e-type=\"column\">\n\t\t\t<div class=\"elementor-widget-wrap elementor-element-populated\">\n\t\t\t\t\t\t<div class=\"elementor-element elementor-element-4fb4081 elementor-widget-divider--view-line elementor-widget elementor-widget-divider\" data-id=\"4fb4081\" data-element_type=\"widget\" data-e-type=\"widget\" data-widget_type=\"divider.default\">\n\t\t\t\t<div class=\"elementor-widget-container\">\n\t\t\t\t\t\t\t<div class=\"elementor-divider\">\n\t\t\t<span class=\"elementor-divider-separator\">\n\t\t\t\t\t\t<\/span>\n\t\t<\/div>\n\t\t\t\t\t\t<\/div>\n\t\t\t\t<\/div>\n\t\t\t\t\t<\/div>\n\t\t<\/div>\n\t\t\t\t\t<\/div>\n\t\t<\/section>\n\t\t\t\t<section class=\"elementor-section elementor-top-section elementor-element elementor-element-c002251 elementor-section-boxed elementor-section-height-default elementor-section-height-default\" data-id=\"c002251\" data-element_type=\"section\" data-e-type=\"section\">\n\t\t\t\t\t\t<div class=\"elementor-container elementor-column-gap-default\">\n\t\t\t\t\t<div class=\"elementor-column elementor-col-100 elementor-top-column elementor-element elementor-element-edc16bb\" data-id=\"edc16bb\" data-element_type=\"column\" data-e-type=\"column\">\n\t\t\t<div class=\"elementor-widget-wrap elementor-element-populated\">\n\t\t\t\t\t\t<div class=\"elementor-element elementor-element-3821922 elementor-widget-divider--view-line elementor-widget elementor-widget-divider\" data-id=\"3821922\" data-element_type=\"widget\" data-e-type=\"widget\" data-widget_type=\"divider.default\">\n\t\t\t\t<div class=\"elementor-widget-container\">\n\t\t\t\t\t\t\t<div class=\"elementor-divider\">\n\t\t\t<span class=\"elementor-divider-separator\">\n\t\t\t\t\t\t<\/span>\n\t\t<\/div>\n\t\t\t\t\t\t<\/div>\n\t\t\t\t<\/div>\n\t\t\t\t\t<\/div>\n\t\t<\/div>\n\t\t\t\t\t<\/div>\n\t\t<\/section>\n\t\t\t\t<section class=\"elementor-section elementor-top-section elementor-element elementor-element-190b12e elementor-section-boxed elementor-section-height-default elementor-section-height-default\" data-id=\"190b12e\" data-element_type=\"section\" data-e-type=\"section\">\n\t\t\t\t\t\t<div class=\"elementor-container elementor-column-gap-default\">\n\t\t\t\t\t<div class=\"elementor-column elementor-col-100 elementor-top-column elementor-element elementor-element-e57fdb3\" data-id=\"e57fdb3\" data-element_type=\"column\" data-e-type=\"column\">\n\t\t\t<div class=\"elementor-widget-wrap elementor-element-populated\">\n\t\t\t\t\t\t<div class=\"elementor-element elementor-element-e0ed70f elementor-widget elementor-widget-image\" data-id=\"e0ed70f\" data-element_type=\"widget\" data-e-type=\"widget\" data-widget_type=\"image.default\">\n\t\t\t\t<div class=\"elementor-widget-container\">\n\t\t\t\t\t\t\t\t\t\t\t\t\t\t\t<img loading=\"lazy\" decoding=\"async\" width=\"960\" height=\"640\" src=\"https:\/\/javierdelia.com\/wp-content\/uploads\/2023\/10\/Tia-Pura-11-1024x683.jpg\" class=\"attachment-large size-large wp-image-262\" alt=\"\" srcset=\"https:\/\/javierdelia.com\/wp-content\/uploads\/2023\/10\/Tia-Pura-11-1024x683.jpg 1024w, https:\/\/javierdelia.com\/wp-content\/uploads\/2023\/10\/Tia-Pura-11-300x200.jpg 300w, https:\/\/javierdelia.com\/wp-content\/uploads\/2023\/10\/Tia-Pura-11-768x512.jpg 768w, https:\/\/javierdelia.com\/wp-content\/uploads\/2023\/10\/Tia-Pura-11.jpg 1500w\" sizes=\"(max-width: 960px) 100vw, 960px\" \/>\t\t\t\t\t\t\t\t\t\t\t\t\t\t\t<\/div>\n\t\t\t\t<\/div>\n\t\t\t\t\t<\/div>\n\t\t<\/div>\n\t\t\t\t\t<\/div>\n\t\t<\/section>\n\t\t\t\t<section class=\"elementor-section elementor-top-section elementor-element elementor-element-0c4d373 elementor-section-boxed elementor-section-height-default elementor-section-height-default\" data-id=\"0c4d373\" data-element_type=\"section\" data-e-type=\"section\">\n\t\t\t\t\t\t<div class=\"elementor-container elementor-column-gap-default\">\n\t\t\t\t\t<div class=\"elementor-column elementor-col-100 elementor-top-column elementor-element elementor-element-6a7dbf7\" data-id=\"6a7dbf7\" data-element_type=\"column\" data-e-type=\"column\">\n\t\t\t<div class=\"elementor-widget-wrap elementor-element-populated\">\n\t\t\t\t\t\t<div class=\"elementor-element elementor-element-94f1e24 elementor-widget-divider--view-line elementor-widget elementor-widget-divider\" data-id=\"94f1e24\" data-element_type=\"widget\" data-e-type=\"widget\" data-widget_type=\"divider.default\">\n\t\t\t\t<div class=\"elementor-widget-container\">\n\t\t\t\t\t\t\t<div class=\"elementor-divider\">\n\t\t\t<span class=\"elementor-divider-separator\">\n\t\t\t\t\t\t<\/span>\n\t\t<\/div>\n\t\t\t\t\t\t<\/div>\n\t\t\t\t<\/div>\n\t\t\t\t\t<\/div>\n\t\t<\/div>\n\t\t\t\t\t<\/div>\n\t\t<\/section>\n\t\t\t\t<\/div>\n\t\t","protected":false},"excerpt":{"rendered":"<p>Hacer fotos con Javier D&#8217;Elia y su equipo es una inversi\u00f3n en la preservaci\u00f3n de recuerdos y en la celebraci\u00f3n de la vida de tus seres queridos. No pierdas la oportunidad de crear hermosos recuerdos que te acompa\u00f1ar\u00e1n a lo largo de la vida y se convertir\u00e1n en tesoros invaluables.<\/p>\n","protected":false},"author":1,"featured_media":0,"parent":0,"menu_order":0,"comment_status":"closed","ping_status":"closed","template":"","meta":{"footnotes":""},"class_list":["post-261","page","type-page","status-publish","hentry"],"_links":{"self":[{"href":"https:\/\/javierdelia.com\/index.php\/wp-json\/wp\/v2\/pages\/261","targetHints":{"allow":["GET"]}}],"collection":[{"href":"https:\/\/javierdelia.com\/index.php\/wp-json\/wp\/v2\/pages"}],"about":[{"href":"https:\/\/javierdelia.com\/index.php\/wp-json\/wp\/v2\/types\/page"}],"author":[{"embeddable":true,"href":"https:\/\/javierdelia.com\/index.php\/wp-json\/wp\/v2\/users\/1"}],"replies":[{"embeddable":true,"href":"https:\/\/javierdelia.com\/index.php\/wp-json\/wp\/v2\/comments?post=261"}],"version-history":[{"count":21,"href":"https:\/\/javierdelia.com\/index.php\/wp-json\/wp\/v2\/pages\/261\/revisions"}],"predecessor-version":[{"id":393,"href":"https:\/\/javierdelia.com\/index.php\/wp-json\/wp\/v2\/pages\/261\/revisions\/393"}],"wp:attachment":[{"href":"https:\/\/javierdelia.com\/index.php\/wp-json\/wp\/v2\/media?parent=261"}],"curies":[{"name":"wp","href":"https:\/\/api.w.org\/{rel}","templated":true}]}}